at is the greatest common divisor of l and 2778?
6
Suppose -277*o + 2011295 - 353744 = -1234883. Calculate the highest common factor of o and 46.
46
Suppose -y = -2*y + 836. Suppose 3*a + 3*l - 84 = 0, -1661*a + 1659*a = l - 47. Calculate the highest common divisor of y and a.
19
Let a be (-418644)/(-522)*((-4)/(-2)*-1 - -3). What is the highest common divisor of 10 and a?
2
Let y = -22 + 42. Suppose 5*n = -4*k + 50, 5*k - 38 = 3*n + 43. What is the highest common divisor of y and k?
5
Let j = 85 + -41. Suppose -4*r - c = -2*r - 17, -3*r - c = -25. Suppose -r*v + 11*v - 12 = 0. Calculate the greatest common factor of j and v.
4
Let s be (25 - -1) + 1 + -3. Suppose -5*c + 214 = s. Suppose 2*w = 2*g + 192, -194 = -2*w + g + 3*g. What is the highest common factor of w and c?
19
Let j be 479 - (-11 - (-6 - 20)). What is the highest common divisor of j and 104?
8
Suppose -2*w - 49 = 203. Let i be 6*(-12)/w*7. Suppose 2*p = -0*p + 8. Calculate the greatest common divisor of i and p.
4
Let d = 16145 - 11484. What is the greatest common divisor of d and 79?
79
Suppose 0 = -719*n + 723*n - 4*z - 12, -2*z + 42 = 4*n. Let v(i) = -i**3 - 15*i**2 - 12*i + 31. Let f be v(-14). What is the highest common factor of f and n?
1
Suppose 3*d + 2*p = 274 - 92, 3*d - 5*p - 196 = 0. Calculate the greatest common divisor of d and 26722.
62
Let k = -5700 + 5739. Calculate the highest common factor of k and 520.
13
Suppose -5*c + 333 = 4*p, -2*p = c - 16 - 47. Let f be 92/8*-2*(1 + -5). What is the greatest common factor of f and c?
23
Suppose -59*x + 1049206 - 387170 = 17*x. Calculate the greatest common divisor of x and 31.
31
Suppose 111488 = 11*w - 27*w + 42*w. What is the greatest common divisor of w and 67?
67
Let r = 528 - 514. Suppose -4*i = -20, -h = i - 6 - r. Suppose 3*q + 5*z = -q + 660, -5*z = -3*q + 495. What is the greatest common divisor of q and h?
15
Suppose 3742*d - 3758*d = -4896. What is the greatest common factor of d and 11220?
102
Suppose 3*a + 5*b - 146 = 0, -30*a + 26*a = 3*b - 180. Calculate the greatest common factor of 5019 and a.
21
Let p be (10/3)/((-50)/(-375)). What is the highest common divisor of 135 and p?
5
Let w = 17 + 0. Let u be -8 - 28*(-1)/2. Suppose -23 + u = -a. Calculate the greatest common factor of w and a.
17
Let n be (-690)/(-25) + 2/5. Suppose -w = 4*k - 6 + 2, 3*w - n = 4*k. Suppose -w*y + 44 + 236 = 0. Calculate the highest common factor of 5 and y.
5
Let n = -8568 + 15336. Let j be n/168 - 3*(-2)/(-21). Let i = j + -12. What is the highest common factor of 308 and i?
28
Suppose 3140 = z + 2*r, 6*z - 6*r - 18840 = -11*r. Calculate the highest common divisor of z and 10.
10
Let q = 153 - 150. Suppose 2*i - 9 = q. What is the greatest common factor of i and 162?
6
Suppose y = -2*y + 87. Let x = -1728 - -896. Let g = -571 - x. What is the greatest common divisor of g and y?
29
Let f be -24*(-13)/117*12. Suppose -61 = -3*i + 122. Suppose -i - 163 = -l. Calculate the highest common divisor of l and f.
32
Let l(y) = -54*y + 860. Let x be l(15). Let n = -444 - -694. What is the highest common factor of n and x?
50
Let f = 17 - -34. Suppose -37*r = -33*r - 12. Calculate the greatest common factor of r and f.
3
Let i be (2 - 13 - -8)*(-456)/(-1). Let m be ((-6)/18)/(-1*(-4)/i). What is the highest common factor of 6 and m?
6
Suppose 3 + 2 = 5*l, 11 = 4*k + 3*l. Suppose k*o - 3*i - 50 = 0, 10*i = o + 15*i - 38. What is the highest common factor of o and 448?
28
Let t be 2/(-1 + (-3 - -2)) + -1. Let v be (1 + t)*(2 - (-5)/1). Let i be 216/(-63)*v/2. What is the greatest common divisor of i and 2?
2
Suppose -6*n = -7*n - 12*n. Let s be (n - -2 - 1)/((-2)/(-18)). Calculate the highest common factor of 4 and s.
1
Suppose 5*d + 3*o - 98 = 2*o, 0 = 5*o + 10. Let q(c) = 4*c**2 - 2*c - 1. Let g be q(-1). Calculate the highest common factor of g and d.
5
Suppose -4*o + 122 = -3*i, 2*o = 2*i - 0*i + 80. Let z = -21 - i. Let g(j) = -j**2 + 18*j + 3. Let s be g(z). Calculate the greatest common divisor of 50 and s.
10
Suppose 4*u + 4*g = 904, u - 713 = -2*u + 4*g. Let x = 343 - u. What is the highest common divisor of x and 84?
28
Let v(g) = g**3 - 11*g**2 - 23*g - 166. Let f be v(14). What is the highest common divisor of 175 and f?
25
Suppose -4*m + 301 = -243. Suppose -144 + m = -2*g. Let v = 68 - g. Calculate the highest common factor of v and 48.
16
Suppose 3*b - 981 = -4*y, -377 - 944 = -4*b - y. Suppose 8*i - 371 + b = 0. Calculate the highest common factor of i and 4.
1
Let t(m) = m**2 + 24*m + 119. Let r be t(-7). Suppose r = 1023*a - 1025*a + 132. Let w = 11 + -5. Calculate the highest common factor of a and w.
6
Suppose -18 = -6*q + 4*q. Suppose -3*v + 132 = 3*o, -75 - 109 = -4*o - 2*v. Suppose q*g - o = 5*g. What is the greatest common factor of 4 and g?
4
Let w(q) = -9*q + 194. Let p be w(11). Suppose -22*a + p = -103. Calculate the highest common divisor of 9 and a.
9
Let i = -2036 - -2047. Calculate the greatest common factor of i and 737.
11
Suppose 0*q = 5*q - 230. Let w(m) = m**3 - 5*m**2 - 60*m - 150. Let t be w(12). Calculate the highest common factor of t and q.
46
Let s(x) = 6*x**3 + 4*x**2 - 14*x. Let o be s(2). Calculate the highest common factor of 5004 and o.
36
Let k = -12 - -17. Suppose 5*l + 10 = 0, 2*h + k = -2*l + 15. Let j = 648 - 620. What is the highest common factor of j and h?
7
Suppose 10 = -2*j, -h + 3560*j = 3556*j - 803. Calculate the highest common factor of 1189 and h.
29
Let y be -22 + -26 + (-1)/((-4)/(-8)). Let o be 75 - (2*-1)/(y/75). Calculate the highest common divisor of 8 and o.
8
Let p = -834 + 815. Let v be (-43)/((-731)/204)*p/(-3). What is the greatest common divisor of 190 and v?
38
Let m = 245 - 254. Let u be 139/10 - -4*m/(-360). What is the greatest common factor of 112 and u?
14
Suppose 0 = -14*q + 13*q + 34. Let d = q + -40. Let k be 151 + d + (-15)/3. What is the greatest common factor of k and 28?
28
Let p(d) = -46*d**3 + 2*d**2 - 33*d - 70. Let u be p(-2). What is the highest common factor of 1178 and u?
62
Let i = -425 - -431. Let z(p) = -p**2 + 34*p - 160. Let m be z(i). What is the highest common factor of 12 and m?
4
Suppose -90*u + 22157 = -12043. Calculate the greatest common divisor of 76 and u.
76
Suppose 0 = -4*f - j + 141, f + j - 45 + 12 = 0. Let l = 21 - 19. Suppose -l*k + 2*v = -26, -8 = k + 5*v + 3. Calculate the greatest common divisor of f and k.
9
Let r = 5 + -1. Suppose -k - 3*v - 11 = 0, 3*k + 8 = 5*v + 31. Let m be (4/(-10))/(k - 455/450). Calculate the greatest common factor of m and r.
4
Suppose -4*z = 4*a - 11680, 3*z - 2*a - 1186 = 7549. Calculate the highest common factor of 110 and z.
55
Suppose -7*w + 7007 = -17745. Suppose -f + w = 2560. Calculate the greatest common factor of f and 61.
61
Let q = 378 - 371. Suppose 38 = 5*k - 5*o - q, -2*o + 8 = 0. Calculate the greatest common divisor of 104 and k.
13
Suppose -y = -3*i + 5, 0 = 4*i + 106*y - 107*y - 8. Suppose -5*t - 9 = -3*d + 1, 0 = t - 3*d + 14. What is the highest common divisor of t and i?
1
Let p = 626 - 623. Let q be 115/13 - (-44)/286. What is the highest common factor of p and q?
3
Let h(m) be the third derivative of m**6/120 - m**5/10 + m**3/3 + 207*m**2. Let s be h(6). What is the greatest common factor of 31 and s?
1
Let o be (1/((-1)/239))/(29/(-87)). Suppose -3*c + o = v, -c + 249 = 4*v - 7*v. Suppose 5*h + c = 9*h. What is the greatest common divisor of h and 150?
30
Suppose 4*m + 10 = 6*m. Suppose 4*i + t = 168, 3*t + 7 = -m. Suppose -6*w = -53 - i. What is the greatest common divisor of w and 16?
16
Suppose 4*a = -4*x + 372, -x = -3*a - 0*x + 267. Let j be 6/a*3 - (-38)/10. Suppose -j*o = -6*o + 32. Calculate the highest common factor of 4 and o.
4
Suppose -4*p + 36 = 6*k - 4*k, -4*p = 4*k - 32. Let c be p/((-12)/((-96)/20)). Calculate the greatest common divisor of c and 32.
4
Let j(g) be the third derivative of -g**6/120 + 7*g**5/12 + 10*g**4/3 - 14*g**3 - 280*g**2. Let m be j(37). What is the highest common factor of m and 18?
6
Suppose -6*m = -m - 30. Suppose 2*y = m*y - 324. Let g be (3 - (-4 - (-93)/(-6)))*(-22)/(-55). What is the highest common factor of g and y?
9
Let i(g) = -g**2 - 6*g + 1. Let p be i(-6). Let w = 85 - 83. What is the greatest common factor of p and w